.
3, 86291
List the prime factors of 2420823.
3, 806941
What are the prime factors of 6056297?
13, 103, 4523
What are the prime factors of 14159162?
2, 53, 223, 599
List the prime factors of 77056.
2, 7, 43
What are the prime factors of 7727692?
2, 7, 89, 443
List the prime factors of 16151143.
16151143
What are the prime factors of 26654238?
2, 3, 13, 43, 883
List the prime factors of 36186646.
2, 1063, 17021
What are the prime factors of 128140?
2, 5, 43, 149
What are the prime factors of 3139131?
3, 103, 10159
List the prime factors of 42628106.
2, 21314053
What are the prime factors of 1427164?
2, 37, 9643
List the prime factors of 246091.
67, 3673
List the prime factors of 4970032.
2, 310627
List the prime factors of 3889052.
2, 972263
What are the prime factors of 65156?
2, 7, 13, 179
What are the prime factors of 846823?
846823
What are the prime factors of 2091857?
29, 53, 1361
List the prime factors of 25787.
107, 241
List the prime factors of 4114909.
31, 132739
What are the prime factors of 242143?
11, 22013
What are the prime factors of 5965836?
2, 3, 497153
List the prime factors of 3841407.
3, 107, 3989
List the prime factors of 1785599.
1785599
List the prime factors of 21089593.
7, 37, 107, 761
What are the prime factors of 562099?
541, 1039
What are the prime factors of 835778?
2, 509, 821
What are the prime factors of 221105?
5, 44221
What are the prime factors of 55982?
2, 23, 1217
List the prime factors of 1508957.
29, 61, 853
What are the prime factors of 6523335?
3, 5, 7, 13, 59
What are the prime factors of 764259?
3, 254753
List the prime factors of 598350.
2, 3, 5, 3989
List the prime factors of 1394336.
2, 43573
What are the prime factors of 2577580?
2, 5, 128879
What are the prime factors of 512281?
7, 11, 6653
List the prime factors of 702158.
2, 351079
What are the prime factors of 1691562?
2, 3, 281927
List the prime factors of 1417049.
181, 7829
List the prime factors of 7592490.
2, 3, 5, 29, 2909
What are the prime factors of 335300?
2, 5, 7, 479
List the prime factors of 7396090.
2, 5, 13, 56893
List the prime factors of 268739.
31, 8669
List the prime factors of 14498402.
2, 1367, 5303
List the prime factors of 1255587.
3, 139, 3011
List the prime factors of 1004156.
2, 17, 14767
List the prime factors of 2565029.
23, 229, 487
What are the prime factors of 1818634?
2, 909317
List the prime factors of 1756387.
467, 3761
List the prime factors of 5973813.
3, 23, 28859
What are the prime factors of 1739261?
41, 59, 719
List the prime factors of 11274065.
5, 11, 204983
List the prime factors of 41321017.
41321017
What are the prime factors of 6345909?
3, 71, 9931
What are the prime factors of 766479?
3, 7, 17, 19, 113
What are the prime factors of 1481748?
2, 3, 123479
What are the prime factors of 627774?
2, 3, 7, 14947
What are the prime factors of 1328976?
2, 3, 11, 839
List the prime factors of 1784634.
2, 3, 297439
What are the prime factors of 805923?
3, 19, 1571
What are the prime factors of 1753211?
89, 19699
What are the prime factors of 558667?
421, 1327
List the prime factors of 2220097.
11, 201827
List the prime factors of 1751565.
3, 5, 23, 5077
List the prime factors of 172729.
19, 9091
List the prime factors of 5323993.
971, 5483
What are the prime factors of 9469024?
2, 499, 593
List the prime factors of 155784.
2, 3, 6491
List the prime factors of 124319.
13, 73, 131
What are the prime factors of 935045?
5, 187009
What are the prime factors of 4660568?
2, 11, 211, 251
What are the prime factors of 9054205?
5, 857, 2113
What are the prime factors of 546128?
2, 11, 29, 107
What are the prime factors of 3360760?
2, 5, 13, 23, 281
List the prime factors of 81593.
139, 587
What are the prime factors of 26736421?
127, 210523
List the prime factors of 28109576.
2, 11, 319427
What are the prime factors of 540532?
2, 17, 7949
What are the prime factors of 166665?
3, 5, 41, 271
List the prime factors of 44211.
3, 14737
What are the prime factors of 1482473?
89, 16657
What are the prime factors of 152699?
37, 4127
List the prime factors of 995585.
5, 83, 2399
List the prime factors of 1114795.
5, 11, 20269
What are the prime factors of 226977?
3, 75659
What are the prime factors of 9326917?
9326917
What are the prime factors of 19700464?
2, 7, 175897
List the prime factors of 220867.
41, 5387
List the prime factors of 54890.
2, 5, 11, 499
List the prime factors of 192153.
3, 13, 379
What are the prime factors of 8020171?
1181, 6791
What are the prime factors of 335779?
479, 701
List the prime factors of 7105987.
7, 197, 5153
What are the prime factors of 2872113?
3, 269, 3559
List the prime factors of 102692.
2, 25673
List the prime factors of 1751432.
2, 37, 61, 97
List the prime factors of 354804.
2, 3, 29567
What are the prime factors of 1772174?
2, 331, 2677
What are the prime factors of 579370?
2, 5, 11, 23, 229
List the prime factors of 865198.
2, 17, 25447
What are the prime factors of 131250?
2, 3, 5, 7
List the prime factors of 25156160.
2, 5, 127, 619
What are the prime factors of 7207526?
2, 37, 173, 563
What are the prime factors of 5898036?
2, 3, 491503
What are the prime factors of 501219?
3, 55691
What are the prime factors of 3479742?
2, 3, 7, 27617
List the prime factors of 1742893.
1742893
List the prime factors of 356428.
2, 89107
List the prime factors of 694350.
2, 3, 5, 1543
What are the prime factors of 6582369?
3, 967, 2269
List the prime factors of 7382026.
2, 3691013
What are the prime factors of 3946388?
2, 986597
What are the prime factors of 721888?
2, 17, 1327
List the prime factors of 448892.
2, 112223
What are the prime factors of 6514788?
2, 3, 7, 77557
List the prime factors of 932226.
2, 3, 155371
List the prime factors of 4653365.
5, 89, 10457
List the prime factors of 101884.
2, 25471
List the prime factors of 2386341.
3, 17, 1733
What are the prime factors of 26428?
2, 6607
List the prime factors of 1307092.
2, 326773
List the prime factors of 35917754.
2, 17958877
List the prime factors of 254079.
3, 7, 37, 109
What are the prime factors of 197935?
5, 31, 1277
What are the prime factors of 51560?
2, 5, 1289
List the prime factors of 732236.
2, 183059
List the prime factors of 4841097.
3, 367, 4397
What are the prime factors of 4128192?
2, 3, 2389
List the prime factors of 126630.
2, 3, 5, 7, 67
What are the prime factors of 17194596?
2, 3, 137, 10459
List the prime factors of 1492265.
5, 163, 1831
List the prime factors of 3791.
17, 223
What are the prime factors of 4777292?
2, 13, 37, 191
What are the prime factors of 3884031?
3, 47951
What are the prime factors of 147819?
3, 7, 7039
List the prime factors of 1955003.
41, 1163
List the prime factors of 4468178.
2, 11, 13, 17, 919
What are the prime factors of 8238174?
2, 3, 7, 4003
List the prime factors of 12223108.
2, 3055777
List the prime factors of 651196.
2, 7, 13, 1789
List the prime factors of 419156.
2, 104789
What are the prime factors of 3344933?
73, 45821
List the prime factors of 10574407.
10574407
List the prime factors of 14434900.
2, 5, 144349
What are the prime factors of 1332314?
2, 53, 12569
What are the prime factors of 504414?
2, 3, 9341
What are the prime factors of 153438?
2, 3, 107, 239
List the prime factors of 1294565.
5, 19, 13627
List the prime factors of 21470674.
2, 43, 249659
List the prime factors of 2722120.
2, 5, 68053
What are the prime factors of 729248?
2, 13, 1753
What are the prime factors of 2119?
13, 163
What are the prime factors of 12620262?
2, 3, 2103377
List the prime factors of 9692340.
2, 3, 5, 7, 47, 491
List the prime factors of 898663.
898663
List the prime factors of 12280523.
12280523
List the prime factors of 7810714.
2, 3905357
What are the prime factors of 328307?
7, 46901
What are the prime factors of 5620078?
2, 37, 173, 439
List the prime factors of 34730.
2, 5, 23, 151
What are the prime factors of 3131730?
2, 3, 5, 7, 1657
What are the prime factors of 6698299?
47, 53, 2689
List the prime factors of 1425488.
2, 41, 53
What are the prime factors of 386413?
386413
What are the prime factors of 1807363?
23, 179, 439
List the prime factors of 346749.
3, 13, 17, 523
List the prime factors of 3596513.
127, 28319
List the prime factors of 382309.
443, 863
List t